{"version":"1.0","provider_name":"German (DE)","provider_url":"https:\/\/www.itcag.com\/de","author_name":"dev.login","author_url":"https:\/\/www.itcag.com\/de\/author\/dev-login\/","title":"Teilnahme am IT-Day Bern - German (DE)","type":"rich","width":600,"height":338,"html":"<blockquote class=\"wp-embedded-content\"><a href=\"https:\/\/www.itcag.com\/de\/2019\/09\/17\/teilnahme-am-it-day-bern\/\">Teilnahme am IT-Day Bern<\/a><\/blockquote>\n<script type='text\/javascript'>\n<!--\/\/--><![CDATA[\/\/><!--\n\t\t\/*! This file is auto-generated *\/\n\t\t!function(d,l){\"use strict\";var e=!1,o=!1;if(l.querySelector)if(d.addEventListener)e=!0;if(d.wp=d.wp||{},!d.wp.receiveEmbedMessage)if(d.wp.receiveEmbedMessage=function(e){var t=e.data;if(t)if(t.secret||t.message||t.value)if(!\/[^a-zA-Z0-9]\/.test(t.secret)){var r,a,i,s,n,o=l.querySelectorAll('iframe[data-secret=\"'+t.secret+'\"]'),c=l.querySelectorAll('blockquote[data-secret=\"'+t.secret+'\"]');for(r=0;r<c.length;r++)c[r].style.display=\"none\";for(r=0;r<o.length;r++)if(a=o[r],e.source===a.contentWindow){if(a.removeAttribute(\"style\"),\"height\"===t.message){if(1e3<(i=parseInt(t.value,10)))i=1e3;else if(~~i<200)i=200;a.height=i}if(\"link\"===t.message)if(s=l.createElement(\"a\"),n=l.createElement(\"a\"),s.href=a.getAttribute(\"src\"),n.href=t.value,n.host===s.host)if(l.activeElement===a)d.top.location.href=t.value}}},e)d.addEventListener(\"message\",d.wp.receiveEmbedMessage,!1),l.addEventListener(\"DOMContentLoaded\",t,!1),d.addEventListener(\"load\",t,!1);function t(){if(!o){o=!0;var e,t,r,a,i=-1!==navigator.appVersion.indexOf(\"MSIE 10\"),s=!!navigator.userAgent.match(\/Trident.*rv:11\\.\/),n=l.querySelectorAll(\"iframe.wp-embedded-content\");for(t=0;t<n.length;t++){if(!(r=n[t]).getAttribute(\"data-secret\"))a=Math.random().toString(36).substr(2,10),r.src+=\"#?secret=\"+a,r.setAttribute(\"data-secret\",a);if(i||s)(e=r.cloneNode(!0)).removeAttribute(\"security\"),r.parentNode.replaceChild(e,r)}}}}(window,document);\n\/\/--><!]]>\n<\/script><iframe sandbox=\"allow-scripts\" security=\"restricted\" src=\"https:\/\/www.itcag.com\/de\/2019\/09\/17\/teilnahme-am-it-day-bern\/embed\/\" width=\"600\" height=\"338\" title=\"&#8222;Teilnahme am IT-Day Bern&#8220; &#8212; German (DE)\" frameborder=\"0\" marginwidth=\"0\" marginheight=\"0\" scrolling=\"no\" class=\"wp-embedded-content\"><\/iframe>","thumbnail_url":"https:\/\/www.itcag.com\/de\/wp-content\/uploads\/sites\/3\/2016\/02\/itech-building.jpg","thumbnail_width":1502,"thumbnail_height":1000,"description":"ITech Consult wird am ersten IT-Day Bern mit dabei sein! Durch unsere \u00fcber WTO-Ausschreibungen gewonnenen Rahmenvertr\u00e4ge mit Schweizer Bundesbeh\u00f6rden soll auch unser Netzwerk in Bern stetig wachsen. Um den Grundstein f\u00fcr eine erfolgreiche Zusammenarbeit direkt ab dem Hochschulabschluss zu legen, nutzen wir im Rahmen des get-together am IT-Day Bern die M\u00f6glichkeit, mit jungen IT-Absolventen in [&hellip;]"}

ITech Consult wird am ersten IT-Day Bern mit dabei sein! Durch unsere über WTO-Ausschreibungen gewonnenen Rahmenverträge mit Schweizer Bundesbehörden soll auch unser Netzwerk in Bern stetig wachsen. Um den Grundstein für eine erfolgreiche Zusammenarbeit direkt ab dem Hochschulabschluss zu legen, nutzen wir im Rahmen des get-together am IT-Day Bern die Möglichkeit, mit jungen IT-Absolventen in [&hellip;]
